d - 21/(-2)?
10
Suppose -59 = 3*f - 107. Calculate the remainder when 63 is divided by f.
15
Let h = 18 - 16. Calculate the remainder when h is divided by 2.
0
Calculate the remainder when (-412)/(-34) - (-6)/(-51) is divided by 10.
2
Suppose 0 = -5*u + 37 - 2. Let w(r) = -r**3 - 4*r**2 + 2. Let l be w(-4). What is the remainder when -1*(-19 - -2) + l is divided by u?
5
Suppose o + 0 = 3*m - 149, -2*m - 4*o = -76. Suppose -h = 5*q - 38, 5*q + 0*h - m = 4*h. Calculate the remainder when 29 is divided by q.
5
Let i = -84 - -119. What is the remainder when i is divided by 12?
11
Let g(r) = -r**2 - 11*r - 6. What is the remainder when 65 is divided by g(-7)?
21
Let d = -19 - 36. Let m = 102 + d. Calculate the remainder when m is divided by 12.
11
Let f be (-59)/(-5) - 1/(-5). Suppose -5*b = -b - f. Suppose -25 = -0*m - 5*m. Calculate the remainder when m is divided by b.
2
Let o(s) = s**3 - s**2 - s - 8. Let j be o(0). Suppose 96 = -2*c + 5*c. Calculate the remainder when c is divided by (j - -16) + (-3)/(-1).
10
Suppose -2*h + 4*o + 12 = 0, 0 = 5*h + 4*o - 2*o - 6. Calculate the remainder when 28 is divided by ((-20)/2)/(h/(-3)).
13
Suppose -65 = -5*w - 5*a, a - 3 = -8. What is the remainder when w is divided by 4?
2
Let f(h) = h**2 + h + 23. Let m(w) = w**3 - 5*w**2 + 7*w + 7. Calculate the remainder when m(6) is divided by f(-3).
27
Suppose 0 = 4*z - 37 - 27. Calculate the remainder when z/(-4)*17/(-2) is divided by 9.
7
Let j = -139 + 153. Calculate the remainder when 109 is divided by j.
11
Let o(m) = -m**2 - 21*m - 11. Calculate the remainder when o(-12) is divided by 25.
22
Suppose -f + 2*d + 21 = 6*d, 4*f - 16 = d. Suppose -2*z + 9 = z, -f*z + 114 = t. Calculate the remainder when t is divided by 34.
31
Let w(h) = 4*h**3 - 2*h**2 - 3*h - 1. What is the remainder when w(3) is divided by 27?
26
Suppose -4*j - 2*d + 5 + 13 = 0, 0 = -3*j - 2*d + 11. Let m = 11 - j. What is the remainder when m is divided by 3?
1
What is the remainder when 9 is divided by (4/10)/((-6)/(-60))?
1
Suppose k + 4*a = 22, -2*k + 2*a + 44 = -0*a. Let p(x) = x**2 - 2*x - 2. Let i be p(9). Let q = 126 - i. What is the remainder when q is divided by k?
21
Let a = 33 - 17. Suppose 4*r - 8*r - 60 = -y, 3*r = -3*y + 120. Suppose -4*m + 16 - 44 = -2*q, -4*q + 5*m = -y. What is the remainder when a is divided by q?
4
Suppose -184 = -5*z + v, -4*z - 4*v = -23 - 105. What is the remainder when 141 is divided by z?
33
Let t(l) = l + 14. What is the remainder when 8 is divided by t(-13)?
0
Let i(t) = -10*t + 1. Let b(y) = 1. Let d(o) = -4*b(o) + i(o). Calculate the remainder when 39 is divided by d(-1).
4
Let l = 27 - 45. Let s = -26 - l. Calculate the remainder when 23 is divided by 4/s + 50/4.
11
Suppose y + 3*y - 36 = 0. Suppose 0 = 3*c - h - 9 - 43, 4*c - 70 = 2*h. Calculate the remainder when c is divided by y.
8
Suppose 0 = -4*b - 5*z + 96, -2*b - 5*z = 12 - 60. Suppose -t + 2*d - 9 + b = 0, -5*t - 3*d + 114 = 0. Calculate the remainder when 40 is divided by t.
19
What is the remainder when -40*(-1)/(3/6) is divided by 27?
26
Let i(m) = 3*m**2 + 5*m + 4. What is the remainder when 60 is divided by i(-3)?
12
Let z(j) = 3*j - 2 + 3 - 2 + 37*j. What is the remainder when z(1) is divided by 10?
9
Suppose 4*n + 13 = 5*n + 4*i, 0 = -n - 2*i + 19. Suppose b - 1 = n. What is the remainder when 77 is divided by b?
25
Calculate the remainder when 122 is divided by 21 + (-6)/3 + 6.
22
Let f(m) be the first derivative of m**3/3 + m + 1. Let l be f(-2). Suppose h + 105 = l*u, -2*u - h = -4*u + 42. What is the remainder when u is divided by 11?
10
Let k(s) = s**3 + 7*s**2 + 3*s - 1. Let q be -9 - (1 - 3)/(-2). Let w = 5 + q. What is the remainder when k(w) is divided by 12?
10
Let r(t) be the second derivative of t**3/6 + 7*t**2/2 + 8*t. What is the remainder when 42 is divided by r(4)?
9
Suppose 2*n - 156 = -4*w, 5*w - 238 = -n - 2*n. What is the remainder when n is divided by 22?
20
Let m(y) = -y**2 + 8*y + 2. Let g be m(8). Suppose 4*f - 24 = g*f. What is the remainder when f is divided by 5?
2
Let g(d) be the third derivative of d**5/30 + 5*d**4/24 + d**3/2 + d**2. What is the remainder when g(-3) is divided by 4?
2
Suppose 3*v = -2*v + 125. Calculate the remainder when v is divided by 14.
11
Suppose q - 26 = -u - 5, -5*q = -3*u + 23. What is the remainder when 58 is divided by u?
10
Let l(x) = -x**3 + 8*x**2 + 3*x + 3. Let r be l(4). Suppose 2*s + s + 4*b = 93, 3*b = 2*s - r. What is the remainder when s is divided by 12?
11
Let q(o) = 2*o + 15 - 3*o + 0*o + 10. Calculate the remainder when q(0) is divided by 13.
12
Suppose -445 = -5*o - 15. What is the remainder when o is divided by 29?
28
Let i(o) = -o**2 + 7*o + 7. Let j be i(7). Suppose 4*n = 2*h - 26, 4*n + 3*h - j = -28. What is the remainder when (-1)/3 - 338/n is divided by 19?
18
Suppose 0 = 2*u - 3*p - 2*p - 202, -289 = -3*u + 4*p. What is the remainder when (-26)/u + 1824/14 is divided by 33?
31
Suppose 3*w + 160 = 5*x + 4*w, -3*x + 96 = 3*w. Let t = -10 + x. What is the remainder when t is divided by 8?
6
Suppose -43 = -2*q + 3*b, 2*q - 2*b - 19 = 29. Calculate the remainder when q is divided by 10.
9
Suppose -u + 18 = 2*u. What is the remainder when 96/10 - (-6)/(-10) is divided by u?
3
Let a(s) be the third derivative of -s**4/24 - s**3/6 + s**2. Let n be a(-7). Let t = 3 + n. What is the remainder when 17 is divided by t?
8
Let j be ((-6)/4)/((-6)/12). Suppose -4 = j*c + 4*t, -2*t = -c + t + 16. What is the remainder when 6 is divided by c?
2
Suppose 0 = h - 2*z + 2, -3*h - 4*z = -3*z - 8. Calculate the remainder when (-5)/(-10) + 129/h is divided by 22.
21
Calculate the remainder when 17 is divided by 5/(-2)*(-36)/10.
8
Suppose -s - u = -0*s - 14, 3*s - u = 50. Let f = -7 - -13. Calculate the remainder when s is divided by f.
4
Let u(m) = -m + 2. Suppose -3*d - 6 = -0. Let p = 4 + 6. What is the remainder when p is divided by u(d)?
2
Let d(q) = -q**3 - 4*q**2 + 10*q + 12. What is the remainder when d(-6) is divided by 9?
6
Suppose u + o - 2 = 0, 3*o - 6 = 3*u + u. What is the remainder when (u - 56*-1) + -2 is divided by 14?
12
Suppose 2*i + 1 = -5*n + 2, 3*n + 3*i = -3. Let d = -1 + 2. What is the remainder when n is divided by d?
0
Let k(z) = z**3 - 11*z**2 + 6*z + 23. Calculate the remainder when k(12) is divided by 40.
39
Let y(z) = 18*z**3 + 2*z**2 + 5*z - 6. Calculate the remainder when 73/((2 + -1)/1) is divided by y(1).
16
Let t = 117 - 33. What is the remainder when t is divided by 43?
41
Let r = -73 + 82. Calculate the remainder when 29 is divided by r.
2
Let n(o) = 6*o**2 - 8*o - 11. Calculate the remainder when n(-3) is divided by 14.
11
Let h be 4 + (-2 + 4 - 2). Suppose -h = 4*j - 8*j - 2*p, 4*j - 5*p - 32 = 0. Suppose 0 = -6*c + 2*c + 32. What is the remainder when c is divided by j?
2
Let o = -37 + 25. Let s(r) = r + 1. Calculate the remainder when 1/4 - 237/o is divided by s(6).
6
Calculate the remainder when 107 is divided by 17 + (-1)/3*3.
11
Let j(q) be the second derivative of q**3/3 - 10*q**2 - 8*q. Calculate the remainder when 21 is divided by j(16).
9
Calculate the remainder when 43 is divided by 87/6 + (-1)/(-2).
13
Suppose 6*w - 80 = 4. What is the remainder when 65 is divided by w?
9
Let d = 11 + -2. Suppose 3 + d = h. Suppose -2*s = -0*s - 70. Calculate the remainder when s is divided by h.
11
What is the remainder when (2 - 1)/(3/99) is divided by 17?
16
Suppose -3*t + 10 = -5, 0 = v - 5*t + 21. Suppose v*a + 0*a - 128 = 0. Calculate the remainder when a is divided by 11.
10
Suppose -2*o - 19 = -3*o. Let j = -13 - -23. Suppose 8*b + j = 9*b. Calculate the remainder when o is divided by b.
9
Let l be (-2)/(-12) + 7/(-6). Let w = l - -4. What is the remainder when w is divided by 3?
0
Let y = 33 + -19. Suppose 4*d + 0*d + 12 = 0. What is the remainder when y is divided by (-2)/d + (-91)/(-21)?
4
Let g = 1 - -1. Suppose g + 3 = b. Suppose b*h = 76 + 4. Calculate the remainder when 46 is divided by h.
14
Suppose -8*z + 6*z + 18 = 0. Let m = 294 + -138. What is the remainder when m/(-9)*(-9)/6 is divided by z?
8
Let w be (1/(-3))/(1/(-111)). Suppose -2*z = p - 88, -w - 45 = -2*z - 4*p. Calculate the remainder when z is divided by 16.
13
Let d = 17 + -26. Let f(k) = -k**2 - 10*k + 3. Let m